 67 is divided by n.
21
What is the remainder when 22 is divided by (-5)/20 - 53/(-4)?
9
Suppose -2*b + 26 = 10. Calculate the remainder when 23 is divided by b.
7
What is the remainder when (4/(-6))/(24/(-5364)) is divided by 30?
29
Let h(x) = 2*x**2 - 3*x - 4. What is the remainder when 58 is divided by h(-3)?
12
Let v = -5 - -3. Let q(j) = j - 1 - 4*j + 0*j + 0*j. Calculate the remainder when 8 is divided by q(v).
3
Suppose 4*c + 55 = 207. Let d = 63 - c. Calculate the remainder when d is divided by 7.
4
Calculate the remainder when -14*(18/(-52) - (-8)/(-52)) is divided by 2.
1
Let h = -4 - -7. Suppose 4*w + p = -h*p + 32, -5*w + 3*p = -40. Let k = w + -4. What is the remainder when 10 is divided by k?
2
Suppose 0 = 3*k - 2*u + 4*u - 76, -3*k = u - 74. Suppose 0 = 4*t - 17 - 3. Suppose -t*g + 20 = 3*z + 1, -g = 4. What is the remainder when k is divided by z?
11
Let b = -4 - -4. Calculate the remainder when (b - -4)/(0 + 2) is divided by 1.
0
Let k(y) = y - 2. Let a be k(9). Let v(p) = p + 5. Calculate the remainder when v(a) is divided by 7.
5
Let s = 49 - 32. Calculate the remainder when 151 is divided by s.
15
Suppose 3*y - 13 = 2*y. Let d be (12 + -1)/(1/3). Suppose -5*q + 278 - d = 0. Calculate the remainder when q is divided by y.
10
Suppose -7 = -4*k + 61. Suppose 3*r + 2*u = 139, -r + 3*u + 45 = 4*u. Calculate the remainder when r is divided by k.
15
Let g = 11 + -4. Let r(u) = -u**2 + 7*u + 1. What is the remainder when r(5) is divided by g?
4
Let y(v) = v**2 + 6*v - 3. What is the remainder when 14 is divided by y(-7)?
2
Let h(w) = 5*w + 25. What is the remainder when 44 is divided by h(-2)?
14
Suppose 0 = 5*v - 157 - 383. Let s = v + -43. What is the remainder when s is divided by 22?
21
Suppose -5*d + 0*d = -10. Suppose 0 = 2*c - 206 + d. Let b = c + -53. What is the remainder when b is divided by 17?
15
Let a(y) = y**3 - 5*y**2 + 3*y + 1. Let b be a(3). Let l = b + 13. Calculate the remainder when l is divided by 2.
1
Suppose 2*f = 16 + 30. Calculate the remainder when 2/(-4)*(3 - (-2 + 183)) is divided by f.
20
Let z(u) = 2*u**3 - u**2 + 2*u - 1. Let t be z(1). Calculate the remainder when (t - 1) + -5 + 6 is divided by 2.
0
Let s = 135 - 72. Calculate the remainder when s is divided by 16.
15
What is the remainder when (-50)/(2 - 3 - (0 - 0)) is divided by 1*(-34)/(-2)*1?
16
Suppose -2*r + 78 = -7*r - 3*a, 5*a - 10 = r. What is the remainder when 6*r/(-6) + 1 is divided by (-8 + 1 + -2)*-1?
7
Let g = 51 + -35. What is the remainder when 21 is divided by (2 + 9/(-6))*g?
5
Suppose 0*u + 4*u - 16 = 0. Let r = 5 + 10. Calculate the remainder when r is divided by u.
3
Suppose 4*r - 3*z = 629, 0 = -6*r + 2*r - z + 649. Calculate the remainder when r is divided by 54.
53
Suppose 4*u + 5*v - 2*v = -143, u + 5*v + 40 = 0. Let f = 15 - u. What is the remainder when f is divided by 17?
16
Let s(j) = 5*j**2 + j + 2. Calculate the remainder when 37 is divided by s(-2).
17
Let r(o) = o**2 + 6*o + 14. What is the remainder when 159 is divided by r(-10)?
51
Let t(v) = -v + 19 - 5 + 13. Let s = -93 + 173. Calculate the remainder when s is divided by t(0).
26
Suppose 12 = -0*m + 4*m. Suppose -y = 3*v - 43, y + m*y = 4*v + 220. Let s = 79 - y. Calculate the remainder when s is divided by 14.
13
Let x(d) = -d - 5. Let f be x(-8). What is the remainder when 23 is divided by 4*(3 - -2 - f)?
7
Let v be (-3)/(-1) - -2*16. Let b = v - 20. What is the remainder when 42 is divided by b?
12
Suppose -4*h + 5*s - 3 = -h, 4*h - 3*s = 7. Suppose 51 - 9 = 2*z + 4*t, h*z + 5*t = 96. What is the remainder when z is divided by 15?
14
What is the remainder when 36/9*27*(-3)/(-12) is divided by 6?
3
Let d(g) = 3*g**2 - 6*g - 12. Calculate the remainder when 95 is divided by d(5).
29
Let h(l) = -2*l - 6. Let k be h(-4). Suppose -k*w = -5*w + 105. What is the remainder when w is divided by 12?
11
Let p(c) = -2*c**3 - 7*c**2 - 7*c - 1. Calculate the remainder when p(-3) is divided by 6.
5
Calculate the remainder when 2 + (4 - 2 - -15) is divided by (-4)/(-12)*30/1.
9
Let q(l) = -7 - l - 2*l + 3. Let m = -3 + 12. What is the remainder when q(-7) is divided by m?
8
Let h be (-6)/(-3) + 3 - 2. Suppose 7*l - h = 4*l. What is the remainder when 2 is divided by l?
0
Suppose v = 4*y + y - 10, 3*y - 12 = 0. What is the remainder when (0 - 0) + 1 - -27 is divided by v?
8
Suppose s - 6*s = -20. Let v(t) = -t**3 + 5*t**2 + 2*t - 6. Calculate the remainder when 52 is divided by v(s).
16
Let w = -38 - -58. What is the remainder when 77 is divided by w?
17
Calculate the remainder when 5 is divided by (-36)/24 + 18/4.
2
Suppose -3*m - 1 = -4*d - 3, 0 = -3*m - 4*d + 34. Calculate the remainder when 10 is divided by m.
4
Suppose 0 = -2*h - 21 + 3. Let y(v) = -v**2 - 11*v - 8. What is the remainder when ((-1)/2)/((-1)/54) is divided by y(h)?
7
Calculate the remainder when 13/(-2)*1*-6 is divided by (-5 - 3)/4 - -16.
11
Suppose t = 2*t + 7. Let m = t + 12. Suppose n = -4*f + 37, -m*n + n + f + 80 = 0. Calculate the remainder when n is divided by 11.
10
Let b = 54 - -11. What is the remainder when b is divided by 23?
19
Let p be (-1 - 558/(-4))*2. Suppose 0 = -5*f - 2*d + 356, 2*f = -2*f + d + p. Suppose -7*k = -2*k - f. Calculate the remainder when 27 is divided by k.
13
Let w(q) = q**3 + 7*q**2 - 17. Let j be 1/3 + (-2)/6. Suppose -r + 4*b - 10 = j, 3 + 7 = 2*b. Calculate the remainder when w(-6) is divided by r.
9
Let h(x) = x**3 - 10*x**2 - 14*x - 13. Let o be h(11). Let t = -51 - -28. Let r = t - o. Calculate the remainder when r is divided by 12.
11
Suppose 2*u - 4*q + 5*q - 74 = 0, -5*u = -q - 185. Calculate the remainder when u is divided by 19.
18
Let l(g) = g**2 - 4*g. Let r = 49 - 26. Suppose -k + 0*k + r = 0. What is the remainder when k is divided by l(6)?
11
Let z = -7 - -25. Let n = 25 + -27. Calculate the remainder when n/6 - 616/(-12) is divided by z.
15
Suppose -596 = -2*x - 3*u, 2*x + 131 - 717 = 2*u. Suppose 2*z = 5*o + z - x, 0 = -5*o - 5*z + 295. What is the remainder when o is divided by 15?
14
Let t(i) = -10*i**2 + 1. Let n be t(1). Let c = 4 + n. What is the remainder when 15 is divided by 5/c + (8 - -1)?
7
Suppose -3*l - l - 64 = 0. Let f = 23 + l. Calculate the remainder when f is divided by 3.
1
Let s(q) = -q**2 - 5*q + 4. Let u(m) = -m - 9. Let d = -1 - 3. Let c be u(d). What is the remainder when 13 is divided by s(c)?
1
Suppose -5*f = -3*f - 50. Suppose 2*b + 5*w + 26 = -5, 42 = -3*b - 3*w. Let v = 0 - b. What is the remainder when f is divided by v?
12
Calculate the remainder when -1 + (83 - 2) - 1 is divided by 50/(-3)*(-36)/30.
19
What is the remainder when 54 is divided by -3*1 + (-90)/(-5)?
9
Suppose 3*l + 0*x - 5*x = 111, -5*l + 5*x = -175. Suppose -p + 6*p - 60 = 0. Suppose -p = -3*o + 21. What is the remainder when l is divided by o?
10
Calculate the remainder when 102 is divided by ((-15)/15)/((-2)/42).
18
Let a = -8 + 49. What is the remainder when 79 is divided by a?
38
Suppose 4*o = -17 + 21. What is the remainder when 3 is divided by o?
0
Let u(z) = -z**2 + 21*z - 26. What is the remainder when u(13) is divided by 20?
18
Suppose -7 = -k + 48. Let l be (-1)/2 - 159/(-2). Let a = l - k. Calculate the remainder when 70 is divided by a.
22
Let u(m) = 3*m**2 - m - 4. Calculate the remainder when 18 is divided by u(2).
0
Let r(h) = -2*h + 16. Calculate the remainder when r(-9) is divided by 18.
16
Suppose 12 = 4*r, 5*o = r - 2 - 1. Suppose 4*f - 5*y - 67 = o, 2*y - 69 - 56 = -5*f. Let q(w) = 8*w. What is the remainder when f is divided by q(1)?
7
Let v(n) = -n**2 + 20*n - 23. Calculate the remainder when v(15) is divided by 5.
2
Let n be 3 - (-2)/2 - 0. Let l = n + -2. Suppose 6*w = l*w + 48. What is the remainder when 22 is divided by w?
10
Let z = 124 + -105. Let m(i) = 4*i**2 + i + 2. What is the remainder when m(-3) is divided by z?
16
Calculate the remainder when 44 is divided by 284/12 - (-8)/(-12).
21
Let n = 8 + -6. Suppose -44 = -3*v - 2*h, -3*v + 3*h + 32 = n*h. What is the remainder when 45 is divided by v?
9
Suppose -2*b - 24 = 48. Let g = b + 67. What is the remainder when g is divided by 16?
15
Let j(y) = y**3 - 3*y + 5. Let m be j(-4). Let r = m + 34. Let l = 7 - r. Calculate the remainder when l is divided by 7.
6
Suppose -l +